11*l + 9. Let u be o(-5). Calculate the greatest common factor of u and 1275.
51
Let v(w) = -w**3 - 17*w**2 + 40*w + 58. Let s be v(-19). Suppose -783*t = -787*t + s. What is the greatest common factor of t and 25?
5
Suppose 120*i - 125*i + 1652 = 2*f, -2*f = -2*i - 1652. What is the highest common factor of 126 and f?
14
Let m = -264 - -423. Suppose -161*f + 112 = -m*f. Calculate the highest common factor of 24 and f.
8
Suppose 12*m = 7*m + 275. Suppose 56*f - m*f = -35. Let o be ((-32)/(-10))/((-7)/f). Calculate the highest common factor of 192 and o.
16
Let o = 63 + -71. Let n(l) = -l**3 - 5*l**2 - l + 31. Let s be n(o). What is the greatest common divisor of s and 42?
21
Let x be 1 + (-11 - 25 - -267). Let m = -9 + 25. What is the highest common factor of x and m?
8
Suppose 5*b = -5*y + 5340, 0 = -20*b + 16*b - 16. What is the highest common factor of y and 64?
16
Suppose 0 = 3*p + f - 460, -10 = -4*f + 6. Let o = p + -126. What is the greatest common divisor of o and 143?
13
Let x be 21501/4 + (182/(-273))/(16/6). What is the greatest common divisor of 129 and x?
43
Suppose 30*j - 66080 = -5*j. Let c be j/32*(0 + 7). Calculate the highest common factor of 118 and c.
59
Suppose 5*y = 5*f - 30, -3*f + 2*y = 5*y + 6. Suppose 0*k + n = k - 1, -3*k - f*n + 8 = 0. Calculate the highest common divisor of 24 and k.
2
Suppose 3*j - 2*t - 2497 = 0, 2*t - 3427 + 3425 = 0. What is the greatest common factor of j and 294?
49
Let z be -3*(13/(-3) + -1). Let i = -78405 + 78413. What is the highest common divisor of z and i?
8
Let l(i) = i**3 + 2*i**2 - 9*i - 1. Let g be l(-4). Suppose 0 = 8*m - g*m. Suppose 440 = 2*u - m*u. What is the greatest common divisor of u and 20?
20
Let q be (1/(-1))/((-18)/5292). Let k be (6/(-4))/(3/(-12)). Suppose -k*d + q = d. Calculate the highest common divisor of 63 and d.
21
Let o(p) = -12*p**2 + 1269*p - 927. Let u be o(105). Suppose -4*a - 329 = 359. Let v = 26 - a. What is the greatest common factor of v and u?
18
Let k(m) = -m + 16. Let x be k(8). Suppose -r - x*l + 28 = -4*l, 56 = 2*r - 3*l. What is the greatest common factor of 140 and r?
28
Suppose 0 = 4*d - 4*s - 13488, -3384 = 87*d - 88*d - 2*s. What is the greatest common divisor of d and 208?
16
Let y(l) = -l**3 - 13*l**2 - 7*l - 41. Let a be y(-13). Suppose v - a*r - 11 = -48*r, -4*v + 96 = 5*r. Calculate the highest common factor of 3 and v.
1
Suppose -11*b + 43470 = -5*u, 8*b + 4*u = 3*b + 19734. What is the greatest common divisor of b and 10?
10
Suppose 3269*s = 3290*s - 396501. What is the greatest common factor of 79 and s?
79
Suppose 4959 = 5*t - 250*r + 259*r, 0 = t - 5*r - 1053. Calculate the highest common divisor of 153 and t.
9
Let h = -258 - -786. Calculate the greatest common divisor of h and 55.
11
Let d be 81/(-4)*1440/(-216). Suppose -3*t = -5*j + 228, 0*j + 140 = 3*j - 5*t. What is the greatest common factor of j and d?
45
Suppose 787 = 5*l + 3*n, 2*l - 2*n - n = 319. Let o = l - 92. Let u = -52 + o. Calculate the greatest common divisor of u and 112.
14
Let v(s) = -13*s**3 - s**2 + 2*s - 2. Let b be v(1). Let z be ((-72)/14)/(1/(b/2)). What is the greatest common divisor of 16 and z?
4
Suppose 0 = 5*l - 4*r - 50, 5*r + 0*r - 5 = -5*l. Suppose 4*g - l*g = -4. Let n be ((-198)/15)/((g/1)/(-20)). Calculate the highest common factor of n and 44.
44
Let x = 2865 + -1377. Calculate the greatest common divisor of x and 2511.
93
Let p be (2/3 - 2/6)/(175/22050). Calculate the highest common divisor of p and 231.
21
Let g(l) = 2*l**2 + 6*l. Let a be g(-5). Suppose -6*v + 756 = 57*v - 9*v. Let y = a - v. What is the highest common divisor of 15 and y?
3
Let j be 2 + 40/(-18) - (-580)/180. Suppose -j*c - 189 = -240. Let s = 56 - 5. Calculate the highest common divisor of s and c.
17
Let x = -66 - -68. Suppose -11 = -f - 0*f + 2*r, -4*r - 2 = x*f. Suppose -s + 145 = 4*p, -f*s + s - 2*p = -650. What is the highest common factor of 33 and s?
33
Let f be 15/2*10/(7 - 2). Suppose f*j = 9*j + 288. What is the highest common factor of j and 12?
12
Let p(z) = -3*z**2 + 14*z + 181. Let c be p(-7). Let n(h) = -12*h - 2. Let l be n(-6). Let m = c + l. What is the greatest common divisor of 96 and m?
6
Let z be -10 + (-11 - (-1023)/3). Calculate the greatest common divisor of z and 220.
20
Suppose 46 = 6*k - 4*k. Let u = -23 + k. Suppose u = l - 6 - 6. Calculate the highest common divisor of l and 12.
12
Let p(x) = -x**3 - 17*x**2 + 2*x + 66. Let o be p(-17). Suppose -o*f - 225 = -41*f. Calculate the highest common divisor of f and 1175.
25
Let q be 594/(-72)*(-8)/(-6) + 674. Calculate the greatest common factor of q and 624.
39
Suppose -204 + 30 = -29*l. Suppose l*a - 267 - 573 = 0. What is the greatest common factor of a and 14?
14
Let b(y) = 2*y**3 - 4*y**2 + 3*y. Let j be b(2). Let o be (-7 - -6) + 31 - j. Calculate the highest common divisor of o and 6.
6
Suppose -6*z = -140*x + 142*x - 142, 16 = -2*z. Let n = 109 - 52. What is the highest common divisor of x and n?
19
Suppose -4*a - 4*k - 1950 = -8942, 0 = a + 3*k - 1734. Calculate the highest common factor of a and 165.
15
Suppose -4*y - 4*f = -7668, -110*y + 106*y - 3*f = -7671. Calculate the greatest common factor of y and 30.
30
Suppose 28 = 4*l - 16. Let t(f) = -f**2 + 4*f - 30. Let x be t(l). Let j = x - -131. What is the highest common divisor of 24 and j?
24
Suppose 4*n - 7572 = -4*k, 5*k - 125*n - 9486 = -127*n. What is the highest common divisor of 20 and k?
20
Let x(n) be the third derivative of n**6/120 - n**5/10 + n**4/3 + n**3/3 + 5*n**2 - 26. Let s be x(5). What is the highest common divisor of 391 and s?
17
Let t = 96 - 91. Suppose -2*q = -q + 4*k - 40, -q + 22 = -t*k. What is the highest common factor of q and 16?
16
Suppose 10*h = -350 - 1440. Let t = h + 194. What is the greatest common factor of 375 and t?
15
Let t = -2074 + 6889. What is the greatest common factor of 90 and t?
45
Suppose -4*x + 20 = 0, -5*b + 9350 = -33*x + 34*x. Calculate the greatest common factor of b and 63.
21
Suppose 165*p - 164*p + 4*l = 174, -l - 764 = -4*p. What is the greatest common factor of p and 20?
10
Let s(c) = c**3 - 11*c**2 + 14*c - 2. Let o be s(11). Let h be 7/(98/4) + o/7. Let g be (-62)/(-7 - -5) + 2. Calculate the greatest common divisor of h and g.
11
Let l = 9596 + -5511. What is the greatest common factor of l and 95?
95
Let j be -1*(-2108)/(-12) - 2/6. Let c = j + 189. What is the highest common factor of 39 and c?
13
Suppose 10*h - 2711 = -g + 13*h, -3*g - 4*h + 8172 = 0. What is the greatest common factor of 640 and g?
160
Let f = 294 + -280. Suppose 5*s = 4*s + 400. Suppose s = 3*k + 22. What is the highest common factor of k and f?
14
Suppose 2016 = -1514*v + 1538*v. Calculate the highest common divisor of 168 and v.
84
Suppose 0 = 2*s + 5*b - 157, 4*s = 5*b + 484 - 65. Calculate the greatest common factor of s and 468.
12
Let k be 98/1 + (-1 - (8 + -11)). Calculate the highest common factor of 1220 and k.
20
Suppose -3*n + 3 = 5*a, 3*a - 3*n = -3 - 0. Let j be a/5 + (-4 - -1278). Calculate the highest common factor of 14 and j.
14
Let i = -1 + 4. Suppose -45 = -i*b - 2*b. Suppose 45 = -15*r + 135. What is the highest common factor of r and b?
3
Let b(o) = 2*o**3 - 7*o**2 - 31*o - 27. Let x be b(14). Calculate the greatest common factor of x and 935.
85
Let c = 45 + -32. Let i be 5*(c/5 - 3) + -1. Let r(z) = -z**3 + 5*z**2 + 7*z. Let a be r(i). Calculate the highest common factor of 17 and a.
17
Suppose 3*v = 4*o + 271, v - 11*o = -5*o + 81. What is the highest common factor of 1271 and v?
31
Let f(j) = -29 + 244*j - 766*j + 258*j + 246*j. Let h be f(-8). Calculate the highest common divisor of h and 138.
23
Let c be (-3)/(2 - (-134)/(-64)). Let k = 190 + -148. Let n = k - c. What is the greatest common factor of 80 and n?
10
Let s = -1040 - -1523. Let g(a) = -29884*a - 209165. Let i be g(-7). What is the highest common factor of s and i?
23
Let z(n) = -82*n + 90. Let t be z(1). Let f be 1/(-6) - (-1924)/24. What is the greatest common divisor of f and t?
8
Let s = -19 - -33. Let b be 414/21 + -5 - (-4)/s. Let n = 29 - b. What is the highest common divisor of 14 and n?
14
Let v be 12/8*3/(18/92). Let k = 254 + -185. Calculate the highest common factor of k and v.
23
Suppose 2*h + 3*f